 = q + c. Is w composite?
False
Suppose 6*s - 5*s - 3064 = z, 0 = -5*s + 25. Let j = z + 7948. Is j a prime number?
True
Is ((-1394)/(-205))/(-17) - 517434/(-10) prime?
False
Let j(u) = 909416*u + 3. Is j(1) prime?
False
Let x(y) = 270*y**2 - 36*y - 431. Is x(-15) a composite number?
False
Is 4/(-3 - -7)*(88062 - -43) - 6 composite?
True
Let l(g) = 137636*g**2 - 2*g - 1. Is l(1) composite?
False
Suppose -s - 3*s = -4*c + 32, 2*s + 31 = 5*c. Let k = -1128 + 331. Is 2*s/6*k a prime number?
True
Let r(j) = 21*j + 29. Let p = 54 + -1. Let v = p - 49. Is r(v) a prime number?
True
Let m(t) = -45 + 33 + 102*t**2 + 8*t + 17. Is m(-3) a composite number?
True
Suppose -37*x + 6*x - 60*x + 15102451 = 0. Is x a composite number?
False
Let x = 31 + -25. Let v = 0 + x. Suppose -7*o + v*o = -251. Is o prime?
True
Let j(w) = -9*w**3 - 8*w**2 - 160*w - 1336. Is j(-9) a composite number?
True
Let i be (23/2)/(2/16). Suppose -4*c + 41036 = 4*b, -c + 53*b + 10235 = 58*b. Suppose -i*l + c = -87*l. Is l composite?
False
Suppose 121 = z + 683. Let w = -173 - z. Is w composite?
False
Is (-880664)/6*159/(-212) a prime number?
True
Suppose -7*u + 12*u + 3*j - 211939 = 0, -42374 = -u + 4*j. Let h = -29575 + u. Is h a composite number?
True
Let z = -26 - -29. Is ((-15)/12)/((0 + z)/(-1644)) a composite number?
True
Is (-875838)/(-2) + -1 + 50 + -45 prime?
True
Let p(j) be the second derivative of -171*j**3/2 + 2*j**2 - 2*j + 35. Is p(-7) a prime number?
False
Is (4 - 1263200/(-15) - (-28)/42) + -7 a prime number?
True
Let u(q) = -24*q**3 + 2*q**2 - 2*q + 4. Let z be u(3). Let b = z - -378. Is 2 + -4 - (1*-2 + b) prime?
False
Let k = 12378 - 6795. Let i = k - 3665. Suppose -2*t + 6*t = -n + i, -1920 = -4*t - 2*n. Is t prime?
True
Let h(w) = 2004*w - 11. Let p be h(-5). Let i = 16840 + p. Is i composite?
True
Let y(r) = -2*r**2 + 23*r + 17. Let s be y(12). Suppose 2*f - 3047 = -s*v, -6997 - 643 = -5*f - 5*v. Is f composite?
False
Suppose 0 = 2*t - 3 + 13. Let q be (-14)/35 - (552/t)/1. Let a = q - 76. Is a composite?
True
Let x(l) = 68 + 235 + 11*l + 18*l - 153. Is x(27) prime?
False
Let k be 14*21/15*85. Suppose 2*p - 906 - k = 0. Is p a composite number?
True
Is (2385 + -76)*(4 - -27) prime?
False
Let b(c) be the first derivative of 59*c**4/4 - 3*c**3 + 5*c**2/2 - 9*c + 27. Is b(4) composite?
False
Let r(v) = 39*v**2 + 5*v - 5. Let i(g) = -g**3 + 9*g**2 + 2*g - 6. Let o be i(9). Suppose 0 = 4*n + 2*n - o. Is r(n) a composite number?
True
Let x = -94803 - -137290. Is x prime?
True
Suppose 7*z - 1242 = z. Let t = z + -657. Let m = t + 1171. Is m prime?
False
Let t(a) = 48*a + 9. Let w be t(-4). Let q = w - -115. Is (158/(-4))/(((-6)/q)/(-3)) a prime number?
False
Let c be 4/10 - (-31808)/5. Let o = c - 3435. Is o a prime number?
True
Let g(b) = 395*b**3 + 13*b**2 - 285*b**3 - 1 + 3 - 46*b - 1. Is g(6) composite?
True
Suppose 4*g = 2*f - 131066, -4*f - 355*g + 358*g + 262142 = 0. Is f prime?
True
Let a = 200 - 218. Is (-20716)/a - (-5 - (-44)/9) prime?
True
Is (9 - 7)*13/(-156) + 617467/6 prime?
True
Suppose -5*q = -4*q - 3*q. Let s(o) = 4*o + 696. Let v be s(q). Let g = v + -439. Is g composite?
False
Let q(a) = 321*a**2 - 21*a - 95. Is q(-36) prime?
True
Let m = -39171 + 79802. Is m prime?
False
Let k(n) = 53*n**3 + 12*n**2 + 16*n + 70. Is k(11) a prime number?
False
Let u(w) = -2149*w - 53. Let x be u(-7). Suppose -x = -3*k - 2*k. Is k composite?
True
Let j(q) = 2. Let z(f) = 16*f + 143. Let p(b) = 5*j(b) + z(b). Is p(7) a composite number?
True
Let g(k) = -1385*k + 118831. Is g(0) a composite number?
False
Suppose -15*c + 322863 - 10128 = 0. Is c composite?
False
Suppose p + 25 = 2*u, 362*p - 85 = -5*u + 360*p. Let f(q) be the third derivative of q**6/120 - 7*q**5/60 - 11*q**4/24 + 11*q**3/3 + q**2. Is f(u) prime?
True
Let j(z) = z**2 - 10*z + 13. Let l be j(4). Let i(h) = -20*h - 81. Is i(l) composite?
False
Let s = -71 + 66. Let t be (1308/(-18) + s)/(1/(-18)). Suppose 4*z - 8686 - t = 0. Is z a composite number?
False
Suppose 0 = 5*y - 15, -2*p - 1800 - 2209 = -3*y. Let s = 3759 + p. Is s prime?
True
Suppose -5*c - i + 2991414 = 0, 4*c + 50*i = 53*i + 2393135. Is c a prime number?
False
Suppose 8*o - 439 - 281 = 0. Is (20/o + 14/18)*919 prime?
True
Let o = -197 - -200. Suppose 12*t = c + 15*t - 126, -618 = -5*c - o*t. Is c a prime number?
False
Let o(j) = 81*j + 13. Let n = 154 + -71. Let y = 87 - n. Is o(y) a composite number?
False
Let l = 265612 - 143055. Is l composite?
False
Suppose -807*i = -840*i + 675741. Is i prime?
True
Let l(u) = u**2 - 45*u - 248. Let t be l(50). Is t + -4 - (-1727 + 14) a composite number?
True
Suppose -1522525 = -c + 2*o, 114*o = -4*c + 119*o + 6090097. Is c a prime number?
False
Let f = 39 - 35. Suppose -11657 = -f*h + b, 3*h - 292 = -4*b + 8465. Suppose 0 = 14*i - 19*i + h. Is i prime?
False
Suppose -g + 4*j + 164 = 0, -g + 4*j - 3*j + 170 = 0. Let w = -77 + g. Suppose -97*v = -w*v - 890. Is v prime?
False
Let f be -3 + 6 - 1*(2 + -3). Suppose 0 = g + 4*r - 27980, -6*g - f*r + 111920 = -2*g. Is (g/(-44))/(-5) - 6/33 a prime number?
True
Suppose -4*q + 5*s - 27545 = 0, 0*s = q + s + 6884. Let h(l) = l**3 + 9*l**2 + 10*l - 10. Let o be h(-8). Is q/(-117) - 4/o a composite number?
False
Suppose 105*g - 43*g + 68*g = 2459990. Is g a prime number?
False
Suppose -4*r = -5*k - 164656, -28084 = 4*r + k - 192716. Is r prime?
False
Let p(w) = w**2 - 13*w + 43. Let j be p(8). Suppose j*y + 3*o - 16537 = -2*o, 0 = 2*y - 3*o - 11050. Is y a composite number?
False
Let k(h) = -669*h + 23. Suppose -p + 12 = 4*m, 0 = -p + 3*p - 4*m + 24. Let l be p/((2 + 4)/3). Is k(l) prime?
True
Let p(b) = 4*b**3 - 25*b**2 + 37*b + 13. Let x be p(20). Suppose n + q - 6993 = 0, -5*q = 4*n - 5215 - x. Is n composite?
False
Let r be (-4)/26 - (-4165)/455. Suppose -4*x - 4*q + 4120 = 0, -3*x = 10*q - r*q - 3084. Is x a prime number?
False
Let u(c) be the first derivative of 319/2*c**2 - 7*c - 4. Is u(2) composite?
False
Let j be 15/4 + (-8)/(-32). Suppose 4*f - 39300 = j*p, 3*p - 16967 - 22361 = -4*f. Is f composite?
False
Let b(c) = c**2 + 12*c - 6. Let h be b(-12). Let y(x) = -83*x + 29. Let d be y(h). Let p = d - 276. Is p composite?
False
Let h be (-14)/(3 + -4 + -1). Let a(d) = -2*d + 19*d**2 - 10*d**2 + d**3 + 10*d - 9. Is a(h) a prime number?
False
Let w(f) = -2*f + 27. Let q be w(15). Let s be -1*(5 + (-6 - q) + -417). Suppose 5*c - 4 - 21 = 0, -2*c = -5*m + s. Is m composite?
True
Let m = -40 + 40. Suppose -s - 106 + 994 = m. Suppose 0 = -o - 5*w + 849, -3*o - 3*w + 1635 = -s. Is o a prime number?
True
Suppose -5*g + 22838 - 3311 = -s, -g + 3900 = -2*s. Suppose u - 4*k - 1482 = 0, -2078 = -4*u + 2*k + g. Suppose -4*p - u = -6*p. Is p prime?
False
Suppose 0 = -96*b + 105*b - 1659501. Is b prime?
False
Let b(l) = -9302*l + 295. Is b(-2) prime?
True
Let a(u) = 15*u + 290. Let p be a(-19). Suppose 5*n = -4*d + 24278, 35713 = p*d + n + 5376. Is d prime?
True
Let n = 120 + -108. Let i be 74*-2*-17 - 3. Is n/(-20) - i/(-5) a composite number?
True
Is (-2018739)/2*((-5)/(-50) + 299/(-390)) composite?
False
Let j = 62 - 56. Is 2/j*(114545 + 40) prime?
False
Let x = 414 - 402. Is x/(-138) - (-23970)/46 prime?
True
Suppose 27*s - 24*s - 3015 = 0. Let h = s + -154. Is h prime?
False
Let b be -4 + 4 + -1 + 6. Suppose b*l = -2*l + 14. Suppose -661 = 4*x + 2*p - 3593, 0 = -l*x + p + 1458. Is x composite?
True
Let z = -257 - -255. Is 2/(z/(-2491)) + (-6 - -6) a prime number?
False
Let x(n) = 19434*n**3 - 3*n**2 - 5*n - 3. Let u be x(-1). Let g = 42584 + u. Is g a composite number?
True
Suppose 0*c + 14*c = 98. Suppose -c*p = -67910 - 25659. Is p composite?
False
Suppose 0 = 14*p - 13*p + 2*j - 352523, 3*j = -12. Is p composite?
True
Let s be 4 + (4 - 3)*61. Let b = s + -86. Let a = b - -132. Is a prime?
False
Suppose 2*v + 3*a = 0, 7*v - 5*v - 5*a - 16 = 0. Suppose -k - 26 = -x + 19, -5*k + v*x - 223 = 0. Is 831/((-4)/(-26) + k/(-52)) a composite number?
True
Suppose g = -2*g + 2595. Suppose 2*b = -b - 5*c + 1048, b - 340 = -4*c. Let h = g - b. Is h a composite number?
False
Let v(d) be the third derivative of d**5/60 - 5*d**4/24 - d**3/6 + 22*d**2. Let p be v(5). Let u(n) = 1399*n**2. Is u(p) prime?
True
Let v(w) = w**3 + 11*w**2 + w + 23. Let r be v(-11). Let s be ((60